13
List the prime factors of 2440 - ((-112)/14 + 10).
2, 23, 53
Let a = 104971 + -28923. List the prime factors of a.
2, 7, 97
Let i(l) = 19*l**2 - 12*l - 49. What are the prime factors of i(26)?
3, 19, 73
Suppose -37*i + 10*i = 25*i - 2275520. What are the prime factors of i?
2, 5, 547
Let f(a) = -2*a + 43. Let n be f(0). Suppose 0 = 8*u - 5 - n. What are the prime factors of 166/u + (-8)/12?
3
Let m = 35 - 57. Let z = m + 18. What are the prime factors of -2 - ((-186)/3 - z)?
2, 7
Let u(f) = -26 + 282 + f**2 + f - 21*f + 16*f. List the prime factors of u(0).
2
Let a be (-6 - (-30)/5)/(1 + 0). Suppose a = -9*v - v + 10. What are the prime factors of 1 + v*(-1 - -89 - -1)?
2, 3, 5
Suppose 4*x - 5*s - 58326 = 0, -72933 = -0*x - 5*x + 2*s. What are the prime factors of x?
3, 1621
Suppose 0 = w - 49 + 47. Suppose w*m = m + 114. Let v = m - 30. List the prime factors of v.
2, 3, 7
Let w(u) = -u**2 + u - 1. Let l(k) = 3*k**2 - 26*k - 19. Let c(q) = l(q) - 3*w(q). List the prime factors of c(9).
11, 19
Suppose 0 = 4*o - 16 - 52. Suppose -14 = -a + o. Suppose 33*v = a*v + 16. List the prime factors of v.
2
Let b be (-18)/6 + (-7 - -1304). Suppose 2*u - 2608 = -4*z, 20*z + b = 22*z - 4*u. What are the prime factors of z?
3, 7, 31
Let s(a) = -50*a - 11. Let b be s(-7). Let m = b - -192. What are the prime factors of m?
3, 59
Let k be ((-42)/(-9))/((-4)/324*-3). Suppose 2*z - k = 24. Let i = z - -39. What are the prime factors of i?
2, 3, 19
Suppose 5*n - p - 251 = -5*p, n - 50 = -p. Suppose n*a = 61*a - 3180. List the prime factors of a.
2, 3, 53
What are the prime factors of (-10)/(-80)*0 + 7645?
5, 11, 139
Suppose 4*c = 1 - 65. Let o = 88 - c. Suppose -4*m + 8*m = v - o, 3*m = -3*v + 372. What are the prime factors of v?
2, 3, 5
Let x be (-30 - -8)/((-2)/8). Suppose 539 = 4*a - k, 3*k + x + 314 = 3*a. Let c = a - 25. List the prime factors of c.
2, 5, 11
Let a be 293779/115 - 4/(-10). Suppose a = 3*u - 1087. What are the prime factors of u?
2, 607
Let m = -162 + 151. List the prime factors of (-1546)/(-2) + m + 7.
769
Let l = 25012 - 16621. List the prime factors of l.
3, 2797
Let z = 530 - -470. Suppose 490 = s - 3*y, 0*y - z = -2*s + y. What are the prime factors of s?
2, 251
Let m(a) = -15*a - 31. Let q(k) = -2*k + 1. Let g(b) = -2*m(b) + 22*q(b). What are the prime factors of g(-21)?
2, 3, 7
Suppose -28*l + 606791 = 20*l - 298201. List the prime factors of l.
2, 11, 857
Let v be 747 + 0/(-2) - (-21 - -20). Let w = v + -499. What are the prime factors of w?
3, 83
Let l(j) = -21*j + 42. Let p be l(2). List the prime factors of (p - 620/6)*(-3834)/1065.
2, 3, 31
Suppose k - 12 = -5. Let t be (0 - 0)/(-9 + k). Suppose -2*a + 194 = -3*i, 3*a - 2*i + t*i - 296 = 0. List the prime factors of a.
2, 5
Let q(u) = u**2 - 18*u + 50. Let w be q(15). Suppose w*a = -3*d - d + 120, -62 = -2*d - 3*a. What are the prime factors of d?
5
Let m = 30 - 25. Suppose -3*p + 0 = 9, 5*o + m*p = -290. Let v = 41 - o. What are the prime factors of v?
2, 3
Let j(f) = -f**2 - 1. Let p(v) = -6*v**2 + v - 15. Let n(b) = 5*j(b) - p(b). Let o be n(0). Suppose -o*y = -6*y - 364. List the prime factors of y.
7, 13
Let i = 12742 + -10663. List the prime factors of i.
3, 7, 11
Suppose 0 = 3*l + 1539 - 5844. Let w = 2277 - l. Suppose 3*j - 2*p - w = -298, 4*p = -8. List the prime factors of j.
2, 3, 5
Suppose 23*k = -29 + 75. Suppose 2*s - 2414 = 4*c, -5*s = -k*c - 1568 - 4483. What are the prime factors of s?
7, 173
Let q = -8455 - -11970. What are the prime factors of q?
5, 19, 37
Let k(p) = -p**3 + 9*p**2 + 23*p. Let d be k(8). Let o be (-16)/104 - (-2986)/(-26). Let f = o + d. List the prime factors of f.
7, 19
Suppose -3*o = -3*t - 1426 - 686, 0 = -5*o + 4*t + 3521. Suppose 2*k = 3*k - o. What are the prime factors of k?
3, 5, 47
Let a(o) be the second derivative of 124*o**3/3 - o**2/2 + 11*o + 3. What are the prime factors of a(1)?
13, 19
Let k(i) = i**3 - 10*i**2 - 9*i - 8. Let n be k(11). Suppose x - n + 12 = 0. Suppose -v - 117 = -x*r, 3*v + 70 + 45 = 2*r. What are the prime factors of r?
59
Suppose 3 = h, -68*t + 9412 = -67*t + 3*h. List the prime factors of t.
9403
Let d be (2/(-2) - -3)/(6/309). Let c = -100 + d. Suppose c*y - 194 = 2*l, -4*y - y = 5*l - 340. What are the prime factors of y?
2, 3, 11
Let v = 219 + -326. Let y = v + 127. What are the prime factors of y?
2, 5
Let r(i) = 4*i**2 - 59 + 60 + 22*i + 197 + 9*i - 5*i. What are the prime factors of r(-7)?
2, 53
Let o(p) = p - 1. Let t be o(13). Suppose 10*m + 2718 = t*m. List the prime factors of m.
3, 151
Suppose 3*x - 4*s - 306 = 0, -5*x + 310 = -3*s - 200. Suppose -x = -8*k + 82. Let h = 156 - k. What are the prime factors of h?
7, 19
Let z = -189 - -236. Suppose 1848 = -39*b + z*b. What are the prime factors of b?
3, 7, 11
Suppose -322*t = -238*t - 489804. List the prime factors of t.
7, 17
Suppose -8*j + 3*j + 1279 = -3*a, 0 = j - a - 257. Suppose -4*z - 2*t + 464 = -j, 4*z + 5*t = 733. Suppose -z = -5*y + 538. List the prime factors of y.
11, 13
List the prime factors of 14/((-168)/36)*(-1 - 10690).
3, 10691
Let v(n) = 69*n + 411. Let q be v(-3). Suppose -2 = -2*s - 4, -5*s - 1205 = -4*y. Let z = y - q. What are the prime factors of z?
2, 3
List the prime factors of 2/((-4)/1 + 1)*(-3185 - 34).
2, 29, 37
Let h = -7486 + 3936. Let s = -1858 - h. List the prime factors of s.
2, 3, 47
Let o(r) = r**3 - 26*r**2 - 26*r + 35. Let b be 6/2 + -1 - (23 + 0). Let q = 6 - b. What are the prime factors of o(q)?
2, 31
Let q(f) be the first derivative of -f**4/3 - 2*f**3 + 10*f**2 - 19. Let j(k) be the second derivative of q(k). List the prime factors of j(-6).
2, 3
Let w = -489 + 494. Suppose 2477 - 9339 = -w*s + 3*a, 6867 = 5*s + 2*a. List the prime factors of s.
1373
Suppose 0 = -2*w + 140*w - 2036052. What are the prime factors of w?
2, 3, 2459
Suppose -2*x = 3*d - 19229, 19*d - 22*d + 9613 = x. List the prime factors of x.
2, 601
Let y(m) = -65*m**3 + 5*m**2 + 37*m - 34. List the prime factors of y(-6).
2, 3491
Let l = 3886 + -3196. What are the prime factors of l?
2, 3, 5, 23
Let d = 90 - -86. Suppose -9*t = -11*t + 2*n + 12, -12 = 2*t + 4*n. Suppose z - 2*o = o + d, 812 = 5*z + t*o. List the prime factors of z.
2, 41
Let l(h) = h**2 + 21*h - 62. Let j be l(-24). List the prime factors of 193 + j + (-5 + 2)*-1.
2, 103
Let j(y) = 1362*y + 1424. What are the prime factors of j(4)?
2, 859
Suppose 27 = -0*h + 2*h + 5*j, -h - 2*j + 15 = 0. Suppose h*m = 3791 + 13450. List the prime factors of m.
821
Let i(k) = k**2 - 5*k - 1. Let p be i(6). List the prime factors of (p/1)/25*3695.
739
Let i be (4/12)/(-1) + 578/(-3). Let m = 713 + i. Suppose t + m = 3*t. List the prime factors of t.
2, 5, 13
Let n(u) = u**3 + 7*u**2 - 59*u - 486. List the prime factors of n(16).
2, 3, 743
Let s(t) = 8*t**2 - 6*t - 1. Let o be (2*3/6)/(4/28). Let q be s(o). Suppose 5*a - q = -4*w, 4*w = -0*a + 5*a + 299. What are the prime factors of w?
3
Let l = 24242 + 4418. What are the prime factors of l?
2, 5, 1433
Let l = -206 - -197. What are the prime factors of ((-41877)/12)/l - 2/(-8)?
2, 97
Suppose 0 = i + 5*p - 15845, 4*i + p - 14273 - 48974 = 0. List the prime factors of i.
2, 3, 5, 17, 31
What are the prime factors of 38/513 - (-2373259)/189?
29, 433
Let w(u) = -14*u + 24. Let g(n) = -14*n + 24. Let m(p) = -4*g(p) + 3*w(p). What are the prime factors of m(10)?
2, 29
Suppose 0 = -5*s + 5*a + 58230, -55*s + 53*s + 23292 = 3*a. List the prime factors of s.
2, 3, 647
Suppose 13*a - 7*a - 828 = 0. Suppose a + 165 = 3*y. List the prime factors of y.
101
Suppose 6*n + 45760 = 22*n. Suppose 0 = 51*x - 56*x + n. List the prime factors of x.
2, 11, 13
Let i = 122 - 142. List the prime factors of 2/i + 414447/570.
727
Suppose -18*i - 36 - 18 = 0. List the prime factors of (6/(-4))/i*(-103 - -899).
2, 199
Let d(l) = l**2 + 16*l + 82. Let k(b) = -2*b**3 + 4*b**2 - 3*b + 12. Let y be k(3). What are the prime factors of d(y)?
67
Let s(b) = 4*b**2 - 3*b + 3. Let j be s(2). Let v(d) = -d**3 + 18*d**2 - 41*d + 23. List the prime factors of v(j).
5, 67
Suppose -297031 + 331526 - 1087169 = -34*t. List the prime factors of t.
7, 4423
Let l = -237 - -335. Let d = 103 - l. Suppose -4*a + d*h - 511 = -6*a, -2*h = 4*a - 1062. What are the prime factors of a?
2, 6